on factor of 152 and 88.
8
What is the highest common factor of 185 and 20?
5
What is the highest common divisor of 3224 and 155?
31
Calculate the greatest common divisor of 2061 and 36.
9
Calculate the highest common divisor of 56 and 1288.
56
What is the greatest common factor of 74 and 2?
2
Calculate the greatest common divisor of 48 and 66.
6
What is the greatest common factor of 10 and 250?
10
Calculate the greatest common divisor of 112 and 4144.
112
What is the greatest common factor of 22 and 506?
22
Calculate the highest common divisor of 44 and 32.
4
Calculate the highest common factor of 63859 and 19.
19
Calculate the greatest common factor of 342 and 4294.
38
Calculate the greatest common divisor of 7 and 110.
1
Calculate the highest common divisor of 180 and 4635.
45
Calculate the greatest common factor of 138 and 3174.
138
Calculate the highest common factor of 88 and 517.
11
What is the greatest common divisor of 162 and 3726?
162
Calculate the greatest common divisor of 72 and 4596.
12
Calculate the greatest common factor of 576 and 90.
18
What is the greatest common divisor of 6 and 960?
6
What is the greatest common factor of 3 and 17?
1
What is the greatest common factor of 88 and 22?
22
Calculate the highest common divisor of 18 and 2538.
18
What is the highest common factor of 27 and 162?
27
Calculate the greatest common factor of 581 and 249.
83
Calculate the greatest common divisor of 9 and 1611.
9
What is the greatest common factor of 70 and 14?
14
Calculate the greatest common factor of 286 and 154.
22
Calculate the greatest common divisor of 1404 and 24.
12
Calculate the greatest common factor of 11 and 15103.
11
Calculate the highest common divisor of 40 and 1810.
10
Calculate the greatest common divisor of 18 and 18.
18
What is the greatest common divisor of 1230 and 18?
6
Calculate the greatest common factor of 1000 and 1150.
50
What is the greatest common divisor of 39 and 51?
3
What is the greatest common divisor of 486 and 1863?
81
What is the greatest common divisor of 1 and 157?
1
Calculate the highest common divisor of 247 and 923.
13
Calculate the highest common divisor of 11910 and 60.
30
What is the greatest common factor of 693 and 3663?
99
What is the greatest common divisor of 9936 and 23?
23
Calculate the highest common factor of 7 and 8729.
7
Calculate the greatest common factor of 270 and 120.
30
What is the greatest common divisor of 4087 and 244?
61
What is the highest common divisor of 4023 and 594?
27
Calculate the greatest common factor of 259 and 7.
7
Calculate the highest common divisor of 14 and 14.
14
Calculate the highest common factor of 21424 and 618.
206
What is the highest common factor of 2640 and 33?
33
Calculate the highest common divisor of 8 and 8688.
8
Calculate the greatest common divisor of 832 and 156.
52
Calculate the greatest common divisor of 544 and 1024.
32
What is the highest common divisor of 715 and 3146?
143
What is the highest common factor of 220 and 1958?
22
Calculate the greatest common divisor of 4624 and 85.
17
What is the highest common divisor of 663 and 153?
51
Calculate the highest common divisor of 36 and 828.
36
Calculate the highest common factor of 49 and 2401.
49
What is the highest common divisor of 44 and 12287?
11
What is the highest common divisor of 3 and 57?
3
What is the highest common divisor of 570 and 209?
19
What is the greatest common factor of 120 and 5448?
24
What is the greatest common factor of 254 and 4?
2
What is the highest common factor of 1330 and 350?
70
Calculate the highest common divisor of 8 and 524.
4
Calculate the highest common factor of 890 and 89.
89
What is the greatest common factor of 12 and 92?
4
What is the greatest common divisor of 138 and 2254?
46
Calculate the greatest common divisor of 96 and 14832.
48
Calculate the greatest common factor of 72 and 1152.
72
Calculate the highest common divisor of 33 and 1683.
33
Calculate the greatest common factor of 71599 and 253.
253
Calculate the highest common divisor of 203 and 116.
29
What is the highest common divisor of 96 and 1356?
12
What is the highest common divisor of 98 and 126?
14
What is the highest common divisor of 1263 and 12?
3
Calculate the greatest common factor of 180 and 225.
45
Calculate the greatest common factor of 12 and 2364.
12
What is the highest common factor of 459 and 102?
51
What is the highest common factor of 812 and 154?
14
Calculate the greatest common factor of 14 and 20797.
7
What is the highest common factor of 572 and 132?
44
Calculate the highest common factor of 196 and 140.
28
What is the greatest common divisor of 480 and 285?
15
What is the highest common divisor of 902 and 44?
22
What is the highest common factor of 82 and 13366?
82
What is the greatest common factor of 10295 and 145?
145
What is the highest common factor of 104 and 156?
52
What is the greatest common divisor of 481 and 37?
37
What is the greatest common factor of 680 and 935?
85
What is the greatest common factor of 53 and 106?
53
Calculate the highest common factor of 682 and 88.
22
What is the greatest common divisor of 156 and 2292?
12
Calculate the greatest common divisor of 1482 and 156.
78
Calculate the highest common factor of 4 and 4.
4
What is the highest common factor of 403 and 195?
13
What is the highest common divisor of 143 and 55?
11
What is the highest common factor of 192 and 1984?
64
Calculate the highest common factor of 40 and 16.
8
What is the greatest common factor of 44 and 418?
22
What is the greatest common divisor of 4 and 1756?
4
What is the greatest common divisor of 2201 and 355?
71
What is the greatest common divisor of 65 and 234?
13
Calculate the highest common divisor of 2419 and 1025.
41
Calculate the highest common factor of 90 and 9.
9
What is the highest common factor of 561 and 493?
17
What is the highest common factor of 419 and 19?
1
What is the highest common divisor of 16718 and 26?
26
Calculate the greatest common divisor of 36 and 1818.
18
Calculate the greatest common divisor of 11796 and 8.
4
Calculate the greatest common factor of 133 and 57.
19
Calculate the greatest common factor of 3 and 24.
3
Calculate the greatest common factor of 810 and 10.
10
Calculate the greatest common divisor of 660 and 220.
220
Calculate the highest common factor of 871 and 117.
13
Calculate the greatest common factor of 20 and 7255.
5
Calculate the highest common factor of 84 and 224.
28
What is the highest common factor of 36 and 603?
9
What is the highest common divisor of 1131 and 39?
39
What is the highest common divisor of 22 and 16?
2
Calculate the highest common factor of 27 and 522.
9
What is the highest common factor of 66 and 330?
66
Calculate the greatest common factor of 1083 and 285.
57
Calculate the greatest common divisor of 232 and 1421.
29
Calculate the greatest common factor of 86979 and 237.
237
What is the greatest common factor of 4717 and 178?
89
Calculate the greatest common divisor of 35794 and 22.
22
What is the highest common factor of 70 and 1358?
14
What is the greatest common divisor of 12498 and 6?
6
What is the highest common divisor of 920 and 20?
20
What is the greatest common factor of 82 and 287?
41
Calculate the highest common factor of 17261 and 41.
41
Calculate the highest common divisor of 132 and 2200.
44
What is the highest common divisor of 33 and 2728?
11
Calculate the greatest common factor of 33 and 913.
11
Calculate the greatest common divisor of 64 and 2588.
4
Calculate the greatest common factor of 60 and 684.
12
Calculate the greatest common divisor of 1730 and 9342.
346
Calculate the highest common divisor of 935 and 176.
11
What is the greatest common divisor of 6916 and 7?
7
What is the highest common factor of 276 and 24?
12
Calculate the greatest common divisor of 11 and 1551.
11
What is the greatest common divisor of 5375 and 86?
43
What is the greatest common factor of 36 and 288?
36
What is the highest common factor of 10200 and 12?
12
Calculate the highest common divisor of 351 and 81.
27
Calculate the highest common divisor of 4992 and 468.
156
What is the greatest common factor of 5719 and 86?
43
Calculate the highest common divisor of 46 and 207.
23
What is the highest com